**2 + 11*h + 2. Let t be z(6). Let q be t/4*-2*2. Calculate the greatest common divisor of q and a.
4
Let t(x) = x**3 - 42*x**2 - 2*x + 108. Let n be t(42). What is the greatest common factor of n and 8?
8
Suppose x - 8 = -5. Suppose 2*w - 140 = x*m, 3*w + 148 = 5*w - 5*m. Let p be ((-15)/(-4))/(4/w). What is the highest common factor of p and 24?
12
Suppose -66*b + 76 = -62*b. Let q = 308 - 137. What is the greatest common divisor of b and q?
19
Suppose -5*k = -k - 32. Let z be 2/6 + 121/33. Suppose 5*o + 0*o + k = v, -z*v + o + 13 = 0. Calculate the highest common factor of v and 3.
3
Suppose -3*y + 8 = -2*y + w, 0 = -3*y - 5*w + 32. Suppose -242 = 18*i - 365 - 129. Calculate the greatest common divisor of i and y.
2
Suppose -13 = -3*z - 10, 0 = 2*u + 2*z - 156. What is the greatest common divisor of u and 11?
11
Let b = -43 + 78. Suppose 5*c = b + 20. What is the greatest common factor of c and 121?
11
Let k be (838/5)/((-17)/(-5) - 3). Suppose 3*f = k + 715. Calculate the highest common divisor of 42 and f.
42
Let v(c) be the second derivative of -8*c**3/3 - 9*c**2/2 - 9*c. Let p be v(-4). Calculate the greatest common divisor of 5 and p.
5
Let d be 1/2*(1 - -731). Suppose d = 5*k + 6. Suppose -u - 3 = 0, j - u = 3*j - 15. What is the highest common factor of j and k?
9
Suppose -472 - 340 = -2*c - 2*i, 3*i = -c + 398. Calculate the highest common divisor of c and 10.
10
Suppose -1760 = -92*g + 81*g. Calculate the highest common divisor of 8 and g.
8
Let m be 908 + -8 + 0 + 0. What is the greatest common factor of m and 18?
18
Let g = -32 - -51. Let u = -75 + 111. Let x = u + 21. What is the greatest common divisor of x and g?
19
Suppose 0 = -11*c - 0*c + 297. What is the highest common factor of 135 and c?
27
Let j(b) = -28*b + 12. Let l be j(-3). What is the greatest common divisor of 72 and l?
24
Let h(x) = 66*x**2 - 24*x + 64. Let g be h(4). What is the greatest common factor of 32 and g?
32
Let a = 111 - 104. What is the highest common factor of 581 and a?
7
Suppose 0 = -w + 2*z + 88, -3*w + 0*w + 268 = -2*z. Calculate the greatest common divisor of w and 120.
30
Suppose 46 + 56 = 2*k - 4*q, -163 = -3*k + q. Calculate the highest common factor of k and 25.
5
Let k = -1505 + 1515. What is the highest common factor of k and 52?
2
Let r = 83 + -35. Let k be (-6)/(1 - 57/r). Let a = -365 - -369. Calculate the greatest common divisor of a and k.
4
Suppose -209 = 7*x - 34. Let d = 1 - x. What is the greatest common divisor of 182 and d?
26
Let f = -1241 + 1249. Calculate the greatest common factor of f and 656.
8
Suppose 4*p + 3*p = 805. Suppose -x - s = 4*s - p, 0 = -5*x - 4*s + 554. What is the highest common factor of x and 10?
10
Suppose -2*s - 72 = -94. Calculate the highest common factor of 11 and s.
11
Let i be (0 + (-1)/(-3))*6. Suppose -i*y - 118 = 4*v - 4, -3*y = -5*v - 159. Let m be 10/v - (-361)/3. What is the greatest common divisor of 24 and m?
24
Let s be (-10)/(-10 - 0)*1. Let g = 9 - 4. What is the greatest common factor of g and s?
1
Let h be (2 + 1)/(14/28). What is the highest common divisor of h and 198?
6
Suppose -8*z + 1032 = -2*z. Suppose -3*s = -8*s - 15, 2*x - 4*s = z. Calculate the greatest common factor of 16 and x.
16
Suppose 5*l = -4*u + 193, 10 = -2*l + 4*l. What is the highest common factor of u and 18?
6
Suppose 3*j = -i, -2*j - 9*i + 5*i = 0. Suppose j = -318*h + 320*h - 8. What is the greatest common factor of h and 28?
4
Suppose 0 = -4*y - 4*i + 10224, -3*y - 3185 + 10869 = -i. What is the highest common factor of y and 40?
40
Suppose 7*h = -18*h + 900. Calculate the greatest common factor of 12 and h.
12
Suppose -251*g + 235*g = -6032. What is the greatest common divisor of 13 and g?
13
Let s(p) = -p**3 - 4*p**2 + 5*p. Let y be s(-5). Suppose y = 4*t - 0*t. Suppose t = j - 3 - 0. What is the highest common factor of 33 and j?
3
Let y(g) = -g + 8. Let x be y(6). Let b(i) = i**3 + i**2 - 3*i + 4. Let n be b(x). What is the greatest common divisor of 70 and n?
10
Let j = 47 + -34. Suppose 0 = 16*f - 19*f + 39. Calculate the greatest common factor of j and f.
13
Suppose -5*n - i + 0*i + 59 = 0, 3*n - 41 = 5*i. Let y = 19 - n. Let z = -13 - -34. Calculate the highest common factor of z and y.
7
Let t be (-6)/(-45) + 792/135. Calculate the highest common factor of t and 354.
6
Let j be 12/(-18)*9/2. Let b be (3 - (j + 6))/(-3). Let l(c) = c**2 + c + 120. Let d be l(b). Calculate the highest common factor of d and 24.
24
Let q(d) = -46*d - 4. Let l be q(-2). Suppose 2*z + 5*j - 155 = -3*z, 2*j + l = 3*z. What is the highest common divisor of z and 20?
10
Let t be (3/((-12)/(-3916)))/1. Calculate the greatest common factor of 22 and t.
11
Suppose -x = -298 - 53. What is the greatest common divisor of 81 and x?
27
Let b = 71 - 63. Calculate the greatest common divisor of 2 and b.
2
Let i(a) = -2*a + 18. Suppose -2 = -2*v + 10. Let u be i(v). Let o be 1*(0 - (-2 + -1)). What is the greatest common factor of o and u?
3
Let n = 466 - 445. Suppose -3*t - 519 = -3*k, 3*t + 687 = 5*k - k. Calculate the greatest common divisor of k and n.
21
Let n be (-7 - 1)*(-286)/44. Suppose 0 = -x - 2*b + 358, 3*x - 1811 = -2*x - 3*b. Calculate the greatest common divisor of x and n.
52
Let g(w) = -2 + 3 - 2*w**3 + 4 + 10*w**2 - 2*w - 3*w. Let z be g(4). Calculate the highest common divisor of z and 119.
17
Suppose 3266 = 4*z - b + 1025, 0 = 2*z + 2*b - 1118. What is the highest common divisor of 168 and z?
56
Suppose 3*k = q - 72, 7*k + q = 2*k - 120. Let p be (13 + -10)*(-1 - k). Calculate the highest common divisor of p and 46.
23
Let g(w) = 10*w - 16. Let b(z) = -15*z + 24. Let a(k) = 5*b(k) + 7*g(k). Let l be a(-5). What is the greatest common divisor of 99 and l?
33
Let l(a) = -4*a - 6. Let q be l(-5). Let m = 7 + q. Let u = 52 + 137. What is the greatest common divisor of m and u?
21
Let d(a) = -a**2 + 4*a + 165. Let n be d(0). What is the highest common factor of 45 and n?
15
Let u(f) = 4*f - 3*f**2 + 3*f**2 - 16 - f**3 + 13*f**2. Let r be u(13). Let k = 11 - 5. Calculate the greatest common factor of r and k.
6
Let f be 23/((1/(-7))/(40/(-7))). Calculate the greatest common factor of 80 and f.
40
Let l(i) = 4*i**2 - 2 - 5*i - 8 - 3*i**2. Let b be l(7). Let w be 15*27/30*b. Calculate the greatest common factor of w and 36.
18
Let d(p) = 2*p**2 - 7*p - 2. Let u be d(-7). What is the highest common factor of 58 and u?
29
Suppose -2*z + 38 = 4*q, -2*q - 2*z + 4 = -12. Suppose -q*m + 952 = -7*m. Calculate the greatest common divisor of 34 and m.
34
Let g = 13 - -3. Let q(l) = -4*l - 69. Let z(j) = -5*j - 70. Let t(i) = -4*q(i) + 3*z(i). Let w be t(-18). What is the highest common factor of g and w?
16
Let y be (-1)/3 + 796/12. Calculate the highest common factor of y and 6.
6
Let p = -1209 - -1273. Let b(w) = w**2 - w - 4. Let j be b(-3). What is the greatest common factor of j and p?
8
Suppose 5*r + 467 = 4*w, -5*w - 78*r + 593 = -75*r. What is the highest common factor of w and 59?
59
Suppose s - 5*y - 39 = 0, -s + 47 = -3*y + 16. Let d be (10*34)/2 - -1. Calculate the highest common factor of s and d.
19
Suppose -28 - 12 = -2*j. Suppose -5*x - 2*p - 2*p = -192, 0 = x + 4*p - 32. Calculate the greatest common factor of j and x.
20
Let k = 848 + -362. What is the greatest common divisor of k and 108?
54
Suppose -2*j - 7515 + 7851 = 0. Calculate the greatest common divisor of j and 1232.
56
Let o = -10 + 1010. Calculate the highest common divisor of o and 8.
8
Suppose 0*r = -2*r + 116. Let y = r - 25. Calculate the greatest common factor of y and 3.
3
Let p = -225 + 245. What is the greatest common divisor of p and 110?
10
Let d(c) = -2*c + 20. Let g be d(9). Suppose -a + 2*z + 2 = -17, -g*a = -5*z - 40. What is the greatest common divisor of a and 105?
15
Let m be (-1 + 16)*(-50)/(-15). Suppose 6*z = 11*z - m. Calculate the highest common divisor of 70 and z.
10
Let b = -61 + 49. Let p(h) = -h**3 - 12*h**2 - h + 9. Let z be p(b). Let v = 1 - -2. Calculate the highest common divisor of v and z.
3
Let v(r) = r**3 - 11*r**2 - 8*r + 98. Let f be v(11). What is the greatest common factor of f and 745?
5
Let c be 290/26 + 10/(-65). Let n(m) = -4 + 3*m**2 + 2*m**2 + m**2 + 2*m - 5*m**2. Let a be n(-5). Calculate the highest common